e factors of 5247924226?
2, 127, 20661119
List the prime factors of 46725877.
11, 17, 249871
What are the prime factors of 59240912?
2, 167, 22171
What are the prime factors of 237045864?
2, 3, 11, 599, 1499
List the prime factors of 5806034137.
79, 2383, 30841
List the prime factors of 1392909526.
2, 5167, 134789
List the prime factors of 3069090968.
2, 383636371
What are the prime factors of 11901967?
7, 11, 154571
List the prime factors of 5370216383.
7, 767173769
What are the prime factors of 387555656?
2, 48444457
What are the prime factors of 11483156?
2, 2870789
List the prime factors of 12302768.
2, 768923
List the prime factors of 233572530.
2, 3, 5, 2389, 3259
List the prime factors of 466758338.
2, 233379169
What are the prime factors of 169620091?
103, 1646797
List the prime factors of 250171506.
2, 3, 13, 23, 43, 47
What are the prime factors of 676426776?
2, 3, 28184449
What are the prime factors of 2865929862?
2, 3, 593, 607, 1327
What are the prime factors of 200269653?
3, 107, 623893
List the prime factors of 2373624.
2, 3, 11, 37
List the prime factors of 608619536.
2, 7, 101, 173, 311
What are the prime factors of 776862090?
2, 3, 5, 17, 56417
List the prime factors of 1459533663.
3, 7, 29, 53, 15073
List the prime factors of 77971109.
53, 293, 5021
List the prime factors of 81681856.
2, 1276279
What are the prime factors of 3278490521?
271, 12097751
List the prime factors of 4050847361.
11, 97, 39139
What are the prime factors of 4445818892?
2, 19, 58497617
What are the prime factors of 2378312259?
3, 5039, 157327
What are the prime factors of 1654921765?
5, 7, 61, 607, 1277
List the prime factors of 42686790.
2, 3, 5, 97, 14669
What are the prime factors of 1378321019?
17, 29, 1433, 1951
List the prime factors of 980283650.
2, 5, 2593, 7561
What are the prime factors of 6580813677?
3, 7351, 298409
List the prime factors of 1626134837.
1429, 1137953
What are the prime factors of 2542807059?
3, 13, 65200181
List the prime factors of 41945691.
3, 13981897
List the prime factors of 58667055.
3, 5, 61, 97, 661
List the prime factors of 215545769.
215545769
List the prime factors of 3930615129.
3, 7, 5857, 31957
List the prime factors of 2490914049.
3, 13, 63869591
What are the prime factors of 965691126?
2, 3, 29, 103, 5987
List the prime factors of 87438510.
2, 3, 5, 283, 3433
What are the prime factors of 66513451?
149, 446399
What are the prime factors of 1327641936?
2, 3, 27659207
List the prime factors of 3896089689.
3, 79, 337, 48781
What are the prime factors of 151841188?
2, 37960297
What are the prime factors of 42658909?
42658909
List the prime factors of 410899099.
13, 43, 735061
List the prime factors of 21692592.
2, 3, 199, 757
What are the prime factors of 15672471?
3, 53, 241, 409
What are the prime factors of 5484326951?
53, 103477867
List the prime factors of 740618999.
491, 1508389
List the prime factors of 6064821927.
3, 17, 31, 75217
What are the prime factors of 549469281?
3, 183156427
What are the prime factors of 834195349?
13, 23, 2789951
List the prime factors of 47550764.
2, 947, 12553
List the prime factors of 781112340.
2, 3, 5, 4339513
List the prime factors of 268345800.
2, 3, 5, 43, 3467
What are the prime factors of 1102588251?
3, 277, 1326821
List the prime factors of 214861449.
3, 11, 6510953
What are the prime factors of 158214647?
158214647
List the prime factors of 6646120894.
2, 7, 23, 20640127
List the prime factors of 716056270.
2, 5, 73, 980899
List the prime factors of 1513162158.
2, 3, 89, 2833637
List the prime factors of 899150127.
3, 299716709
What are the prime factors of 36261880?
2, 5, 19, 47713
What are the prime factors of 108821911?
11, 19, 520679
List the prime factors of 3814969470.
2, 3, 5, 13, 677, 14449
What are the prime factors of 561643266?
2, 3, 3361, 27851
What are the prime factors of 535911103?
7, 13, 1033, 5701
What are the prime factors of 144426496?
2, 29, 71, 137
What are the prime factors of 88040570?
2, 5, 971, 9067
List the prime factors of 44070722.
2, 1163, 18947
What are the prime factors of 33574071?
3, 109, 102673
List the prime factors of 33019693.
7, 4717099
List the prime factors of 1468146189.
3, 23, 1123, 18947
List the prime factors of 2450343952.
2, 7, 21878071
What are the prime factors of 167831430?
2, 3, 5, 13, 157, 2741
What are the prime factors of 3386653381?
3386653381
List the prime factors of 1972594191.
3, 251, 2619647
List the prime factors of 481308664.
2, 127, 473729
List the prime factors of 55562729.
55562729
List the prime factors of 610659039.
3, 23, 43, 205817
What are the prime factors of 3103902390?
2, 3, 5, 1249, 82837
List the prime factors of 91072327.
31, 2937817
What are the prime factors of 1682124433?
11, 97, 1576499
What are the prime factors of 74520579?
3, 7, 223, 15913
What are the prime factors of 5240578?
2, 7, 139, 2693
What are the prime factors of 1924315090?
2, 5, 59, 3261551
What are the prime factors of 43829854?
2, 21914927
What are the prime factors of 30126021?
3, 23, 41, 463
List the prime factors of 109257327.
3, 53, 113, 2027
What are the prime factors of 5474539883?
41, 43, 263, 11807
What are the prime factors of 20661987?
3, 17, 19, 21323
What are the prime factors of 286390320?
2, 3, 5, 43, 27751
What are the prime factors of 159814583?
227, 704029
List the prime factors of 2717261766.
2, 3, 150958987
List the prime factors of 14321955.
3, 5, 59, 16183
List the prime factors of 309887359.
19, 29, 562409
What are the prime factors of 1198357578?
2, 3, 11, 67, 10037
What are the prime factors of 56352397?
89, 293, 2161
List the prime factors of 9435691.
89, 106019
What are the prime factors of 608908991?
17597, 34603
List the prime factors of 447483330.
2, 3, 5, 7, 271, 2621
What are the prime factors of 306441733?
13, 37, 193, 3301
What are the prime factors of 125848376?
2, 139, 113173
List the prime factors of 3744289271.
101, 37072171
What are the prime factors of 46802283?
3, 11, 1418251
List the prime factors of 182919071.
12583, 14537
List the prime factors of 366959.
67, 5477
List the prime factors of 521090942.
2, 43, 6059197
List the prime factors of 44305713.
3, 89, 55313
What are the prime factors of 557505020?
2, 5, 27875251
What are the prime factors of 1260946083?
3, 17, 2693, 9181
List the prime factors of 2349176742.
2, 3, 11, 439427
List the prime factors of 147727739.
17, 197, 44111
List the prime factors of 1282062897.
3, 919, 5741
What are the prime factors of 100671849?
3, 31, 120277
List the prime factors of 277245594.
2, 3, 97, 1637
What are the prime factors of 444400067?
61, 7285247
What are the prime factors of 46864247?
46864247
List the prime factors of 131828458.
2, 4373, 15073
List the prime factors of 180224039.
113, 1594903
What are the prime factors of 466303778?
2, 17, 13714817
List the prime factors of 21511391.
11, 499, 3919
List the prime factors of 56792572.
2, 14198143
What are the prime factors of 18430766?
2, 233, 39551
List the prime factors of 698766401.
19, 1935641
What are the prime factors of 1067262982?
2, 79, 6754829
What are the prime factors of 284203581?
3, 94734527
What are the prime factors of 372849978?
2, 3, 109, 570107
What are the prime factors of 872997155?
5, 174599431
List the prime factors of 131134867.
31, 919, 4603
What are the prime factors of 787374051?
3, 10427, 25171
What are the prime factors of 712818502?
2, 11, 2945531
What are the prime factors of 1506990736?
2, 94186921
List the prime factors of 3838331248.
2, 12011, 19973
What are the prime factors of 236654850?
2, 3, 5, 1577699
What are the prime factors of 1593180356?
2, 398295089
List the prime factors of 2131768625.
5, 7, 389, 6263
What are the prime factors of 20169599?
17, 101, 691
List the prime factors of 1522641334.
2, 14341, 53087
What are the prime factors of 1177281129?
3, 29, 13531967
List the prime factors of 1804638239.
167, 947, 11411
List the prime factors of 4496487080.
2, 5, 17, 6612481
List the prime factors of 263072315.
5, 11, 1367, 3499
What are the prime factors of 615764307?
3, 199, 1031431
List the prime factors of 423361701.
3, 7, 523, 4283
What are the prime factors of 6207614660?
2, 5, 13, 23875441
List the prime factors of 565590623.
13, 331, 